 is divided by v?
16
Suppose 3*g - 112 = a - 0*a, -2*a = -g + 44. Suppose -2*y = y, -4*r - g = 2*y. Calculate the remainder when 4 is divided by (r - 0)*(-4)/12.
1
Let i be (0 - -2)*28/(-8). Let g(l) be the first derivative of l**2/2 + 8*l + 2. What is the remainder when 1 is divided by g(i)?
0
Let s(d) = 3*d**2 - 18*d - 14. What is the remainder when s(9) is divided by 10?
7
Let u(l) = l**3 + 5*l**2 - 5*l + 7. Let n be u(-5). Suppose -w = -3*w + 3*z + n, 3*w - 50 = 5*z. What is the remainder when 39 is divided by w?
9
Let y be (4/(-6))/(8/168). Let r(k) = k**2 + 9*k - 4. Calculate the remainder when r(y) is divided by 14.
10
Suppose 5 = 3*d - 1. Let r = 4 - d. Calculate the remainder when 3 is divided by r.
1
Calculate the remainder when (-8)/12 + (-1347)/(-9) is divided by 30.
29
Let i = -4 + 8. Suppose -g - 5*w + 30 = 0, 1 - i = -g + 4*w. What is the remainder when (59/(-4))/((-7)/28) is divided by g?
14
Suppose 0*g - 13 = 5*d + g, 0 = 2*d + 3*g. What is the remainder when (90/(-4))/(d/4) is divided by 11?
8
Let x(b) = -b**3 - 2*b**2 + 4*b + 10. Calculate the remainder when 25 is divided by x(-3).
4
Let f(u) = -u**2 - 2*u + 1. Let m(t) = -3*t**2 - 3*t + 1. Let w(c) = 5*f(c) - 2*m(c). Let j be w(2). What is the remainder when 59 is divided by (-22 - -1*2)/j?
19
Let i(q) = -q**3 - 8*q**2 - 13*q - 6. Let z be i(-5). Let p = 27 + z. Calculate the remainder when p is divided by 7.
4
What is the remainder when -2*(-2 + (-220)/8) is divided by 15?
14
Suppose 0 = 5*x - 4*a - 10, -12 = -2*x + 3*a - 1. What is the remainder when (-30)/(6*x/8) is divided by 7?
6
Calculate the remainder when (-1 - -48)*(-3)/(-3) is divided by 25.
22
Calculate the remainder when (345/10)/(-1)*-4 is divided by 13.
8
Let v = -23 - -95. Suppose -v = -0*i - 4*i. Suppose 2*q = 4*c - 0*q - 42, -3*c = 3*q - i. What is the remainder when 15 is divided by c?
6
Let z(k) = k**3 + 5*k**2 - 2*k - 1. Let s = 2 - -6. Calculate the remainder when z(-3) is divided by s.
7
Let y = 4 + -1. Suppose 4*f = -4*q, -20 = -f + q + y*q. Let i(z) = -z**3 - 6*z**2 - 6*z + 6. Calculate the remainder when i(-5) is divided by f.
3
Let a(u) = 13*u**3 - 4*u**2 + 4*u - 2. Calculate the remainder when a(2) is divided by 32.
30
Let y(g) = g**2 + 3*g - 4. Let u(o) = o**2 + 7*o - 1. Let q be u(-6). Calculate the remainder when y(q) is divided by 9.
6
Suppose 4*r = -2*w + 220, -2*r + 0*r - 420 = -4*w. Calculate the remainder when w is divided by 36.
34
Suppose c - 39 = -0*c. Let n be 9/(-12)*(-4)/1. Let u = n + 17. What is the remainder when c is divided by u?
19
Let h(o) = o**3 + 34*o**2 - 35*o + 87. What is the remainder when h(-35) is divided by (23 - 0) + -3 + 2?
21
Suppose -2*f + 6*b = 3*b - 3, 4*b = 5*f - 25. Suppose 15 = -27*x + 32*x. Calculate the remainder when f is divided by x.
0
Calculate the remainder when 1 - 7/((-21)/108) is divided by 5.
2
Suppose 126 = 3*z + 4*z. What is the remainder when z is divided by 10?
8
Suppose -27*v + 702 = -24*v. Calculate the remainder when v is divided by 47.
46
Let b be 350/12 + (-5)/30. Suppose 9 = 2*s - b. Let i(m) = 5*m**3 + m**2 - 1. What is the remainder when s is divided by i(1)?
4
What is the remainder when (-353)/(-5) + 0 + 6/15 is divided by 15?
11
What is the remainder when 152/14 + (-1)/(-7) is divided by 3?
2
Suppose -3*b - 4*d = -7*b + 76, -3*b = d - 53. Suppose 2 = -g - 5*i, -4*g - 2*i + 10 = -0*g. Suppose -k = -32 - g. What is the remainder when k is divided by b?
17
Let p be 96/(-80)*(1 - -4). Let q(n) = -n**3 - 6*n**2 - 2*n - 2. What is the remainder when q(p) is divided by 3?
1
Suppose 0 = 14*x - 87 - 1747. Calculate the remainder when x is divided by 33.
32
Suppose -3*g + 133 = -5*y - 73, -10 = -5*y. What is the remainder when g is divided by 15?
12
Let j(l) = l**2 + 9*l - 9. What is the remainder when 21 is divided by j(-11)?
8
Suppose 2*p - 3 = 9. Calculate the remainder when 27 is divided by p.
3
Let t(x) = x**2 + x + 5. Let i be t(0). Suppose -i*d - 6 = -41. Calculate the remainder when d is divided by 2.
1
Suppose -z + 4*k = -143, -2*z - k + 300 = -2*k. Suppose 0 = -5*h + 129 + z. What is the remainder when h is divided by 19?
18
Let v(o) = -o - 1. Let a(n) = -3*n - 3. Let s(u) = a(u) - 2*v(u). What is the remainder when s(-9) is divided by 5?
3
Suppose -5*q + 545 = -f + 6*f, 3*f - 4*q - 355 = 0. Calculate the remainder when f is divided by 29.
26
Let d be 32 + 3 - (-2 + 1). Suppose 3*h - 3*c = -24, -c = 4*h - 6*c + d. Calculate the remainder when 5 is divided by ((-3)/h)/(3/12).
2
Suppose c - 2 + 0 = 0. What is the remainder when (-2 - -3)/((-2)/(-36)*2) is divided by c?
1
Calculate the remainder when 29 is divided by 5/2*128/20.
13
Let u(k) = 12*k - 39. What is the remainder when u(8) is divided by 15?
12
Let k = 2 - 0. Suppose d + m = 4*d - 28, -3*d - k*m + 25 = 0. What is the remainder when 17 is divided by d?
8
Let g = 30 - 23. What is the remainder when 60 is divided by g?
4
Let f be ((-5)/((-5)/4))/2. Suppose -s - f*s = -210. Suppose -d + 3*d + 110 = 5*m, -3*d = -5*m + 105. What is the remainder when s is divided by m?
22
Let h = 13 - 8. Suppose -14 = -u - h. Calculate the remainder when 33 is divided by u.
6
Suppose 4*s - 2*c + 94 = -0*s, -5*c - 110 = 5*s. Let f = s - -45. Calculate the remainder when 43 is divided by f.
21
Let p(b) = 2*b**3 - 2*b**2 + 4*b - 2. Suppose 23 = 3*j + 5*h + 2, -5*j = 3*h - 19. What is the remainder when (-1 + -2)/((-1)/9) is divided by p(j)?
13
Let h = -33 - -105. Suppose -2*m + h = 4*m. Calculate the remainder when 83 is divided by m.
11
Suppose -3 = p + 3*y - 17, 0 = -5*p - y. Calculate the remainder when 36 is divided by -1 - -12 - 2/p.
10
Let r(o) be the third derivative of -o**5/60 - 11*o**4/24 + 2*o**3 + 3*o**2. Calculate the remainder when 22 is divided by r(-11).
10
Suppose 3*k - 1 = 2*n, n - 6*n = k - 40. Suppose 3*o + 4 = 148. Suppose 0 = -6*c + 2*c + o. Calculate the remainder when c is divided by n.
5
Suppose -13*y + 19*y = 30. Calculate the remainder when 5 is divided by y.
0
Let a = -6 - 16. Let i = a + 33. Suppose -4*g = -4*v - 84, 0 = g + 3*v - 2*v - i. Calculate the remainder when 47 is divided by g.
15
Suppose 2*v = 5*f - 14, 3*v - 30 = -5*f - 1. Let p(z) = -z + 7. Let n be p(-6). Let w = -2 + n. Calculate the remainder when w is divided by f.
3
Let f(d) = 7*d**2 + d. What is the remainder when 31 is divided by f(1)?
7
Let j = 5 - -5. Calculate the remainder when 79 is divided by j.
9
Suppose -4*w + 5 = -15. Suppose -4 = l + 6. Let x(y) = -y - 1. Calculate the remainder when x(l) is divided by w.
4
Suppose 3*w - 404 + 35 = 0. Suppose 0 = -7*y + 4*y + w. Calculate the remainder when y is divided by 14.
13
Suppose -b - 34 = -3*b. Let r(s) = -9*s - 8. Let n be r(-12). What is the remainder when n/3 - (-15)/(-45) is divided by b?
16
Let k = 2 - -1. What is the remainder when k is divided by 3?
0
Suppose -5*g + j + 1 + 52 = 0, -5*j - 25 = -g. What is the remainder when 29 is divided by g?
9
Suppose -4*b + 136 = -4*h, 3*b = 4*b - 2*h - 39. What is the remainder when b is divided by 11?
7
Let y(b) = -4*b - 6. Calculate the remainder when 40 is divided by y(-5).
12
Let o(j) = -2*j - 21. What is the remainder when 34 is divided by o(-15)?
7
Let u(x) = 2*x. Let j be u(10). Let n = j + -1. Calculate the remainder when n is divided by 8.
3
Let h = -2 + 3. Calculate the remainder when (h + 94/4)*4 is divided by 25.
23
Let u(t) be the second derivative of t**4/12 - t**3/6 - 3*t**2/2 - 2*t. Calculate the remainder when u(7) is divided by 14.
11
Let z(x) = -3*x**3 - 5*x**2 - x + 3. Calculate the remainder when z(-3) is divided by 15.
12
Let y = -14 + 28. Suppose -2*z + y = -z. Let f = -6 - -11. What is the remainder when z is divided by f?
4
Suppose 61 = 5*s - u - 37, -s - u = -22. Calculate the remainder when s is divided by 7.
6
What is the remainder when (-3 - 3)/((-2)/7) is divided by 6?
3
Let l = 99 - 36. What is the remainder when l is divided by 14?
7
Let q = 49 + -41. Calculate the remainder when 23 is divided by q.
7
Let k = -42 - -65. Let x = k + -6. Suppose 27 = -0*s + 3*s. Calculate the remainder when x is divided by s.
8
Let f = 71 - 60. What is the remainder when f is divided by 4?
3
Let w(k) = -13*k - 29. Calculate the remainder when w(-9) is divided by 23.
19
Let a(b) be the third